 tens digit of b?
5
Let q(p) = p. Let j(w) = -5*w - 1. Suppose 3*a + 2 = 3*n - 4, n + 2*a - 14 = 0. Let u(k) = n*q(k) + j(k). What is the units digit of u(4)?
3
Let a = -83 - -29. What is the units digit of -2 + (-1 - a/3)?
5
Let g be -1*-6*(-4)/(-6). Suppose q - g - 3 = 0. What is the units digit of q?
7
Suppose 16 = -10*u + 6*u. Let g(c) = -2*c - 6. What is the units digit of g(u)?
2
Let p = 561 + -380. What is the units digit of p?
1
What is the units digit of (10/(-30))/((-1)/174)?
8
Let l(i) = -i + i + 2*i. Let d be l(-3). Let a(r) = -r**2 - 5*r + 7. What is the units digit of a(d)?
1
Let b = 7 - 4. Suppose 2 = -k + 4*q + 8, b*k - 5*q - 46 = 0. What is the units digit of k?
2
Suppose 2*m + 3*v = 99, -2*m = 2*v - 105 + 9. What is the units digit of m?
5
Suppose 1 = -v, 4 = -5*t + 5*v - 6. Let g(w) = w**3 + 6*w**2 + w - 2. What is the units digit of g(t)?
2
Let i be 6/(-15) - (-2)/5. Suppose 12 = 4*l, 4*v + 2*l + 5 = 5*l. Let f = i + v. What is the units digit of f?
1
Let t(h) = -h**3 - 14*h**2 - 5*h + 33. What is the units digit of t(-14)?
3
Let y be (-6)/(-9) - 254/(-6). Suppose 4*q - 7 = -v - q, 0 = -5*v + q - y. What is the units digit of -3*v/3*1?
8
Let y(r) = -7*r**2 - 2*r + 3. Let s = -6 - 3. Let x(a) = 3*a**2 + a - 1. Let d(q) = s*x(q) - 4*y(q). What is the units digit of d(3)?
3
Let v(s) = s**2 + 2*s + 25. What is the units digit of v(-8)?
3
Suppose -2*t = -0*t + 8, 0 = -5*d - 4*t - 16. What is the units digit of (-38)/(-4)*(2 - d)?
9
Suppose -k + 16 = 3*k. Suppose 9 = -b + k*b. What is the units digit of b?
3
Suppose -5*g + 2*g = 0. Suppose -3*r + 5 = -2*u - g, 4*u - 23 = -5*r. Let x = u - 1. What is the units digit of x?
1
Let y = -10 - -21. Let f(h) = -h**2 + 12*h + 2. What is the units digit of f(y)?
3
Suppose 5*f + 122 = 3*s, 4*f - 184 = 3*s - 7*s. What is the tens digit of s?
4
Let s = 257 + -145. What is the tens digit of s?
1
Suppose 0*i + 12 = 2*i. Suppose 5*v - 21 = -i. Suppose 5*c + v*t - 65 = -0*c, -5*c - t = -55. What is the units digit of c?
0
Suppose 4*y - 2*v - 70 = 0, -95 = -y - 4*y + 4*v. Suppose h + 2*d - y = -2*h, 5*h = -4*d + 27. What is the units digit of h?
3
Let k(b) = -b**2 - b**3 - 22*b + 1 + 22*b. What is the units digit of k(-1)?
1
Suppose 0 = 5*m + 5*o + 30, m + 6 = -2*o + 3. Let q(j) = -j**3 - 9*j**2 - j - 5. Let a be q(m). Suppose -a*l - 36 = -7*l. What is the tens digit of l?
1
Let f be (-2)/4 - (-5)/2. What is the units digit of f/(-9) + (-120)/(-54)?
2
Suppose p - 1 = 1. Let y(o) = o**2 - 2*o + 4*o**p - o**3 + 0 + 1. What is the units digit of y(2)?
9
Suppose 2*q + 2*q - 24 = 0. Suppose 0*p - q = -k + 3*p, 4*k - 24 = p. What is the units digit of k?
6
Suppose 2*z + 2*w + 2*w - 22 = 0, z - 23 = -5*w. Suppose 5*m + 13 = -2*x + 52, 0 = -x + z*m + 3. What is the units digit of x?
2
Suppose 0 = -2*j + 7 + 1. Suppose -4 = -j*d + 3*c - 7, -4*d - 3*c + 27 = 0. What is the units digit of d?
3
Let o(d) = -d**2 - 3*d - 3. Let c be o(-2). Let a(p) be the first derivative of -9*p**4/4 - p**3/3 + p**2/2 + p - 1. What is the units digit of a(c)?
8
Suppose -3*v = -1 + 7. Let s(c) = -c**3 - c**2 + 3*c + 3. What is the units digit of s(v)?
1
Let b be (14/4)/(6/12). Suppose -4*c - 27 = -b*c. What is the units digit of c?
9
Suppose 0 = 3*a + 11 - 119. What is the units digit of a?
6
Let l be 5/(-10) + 27/(-2). Suppose 4*q + 5*c - 72 = 0, -4*q + 6*q + 5*c - 26 = 0. Let d = q + l. What is the units digit of d?
9
Suppose 4*l - 6 = -22. Let c be (-4 - -6)/(l/(-6)). Let v = 4 - c. What is the units digit of v?
1
Let v be (24/(-2))/((-3)/(-10)). Let y = -29 - v. What is the units digit of y?
1
What is the units digit of (2 - 1)/((-1)/(-46))?
6
Suppose q - y = -q + 627, 5*q + 3*y = 1573. What is the tens digit of q?
1
Suppose 5*a = 4*n + 25, 3*n = -4*a - a + 25. Suppose 5*i - m - 3*m - 135 = n, m = 3*i - 81. Suppose 3*s + 0 = i. What is the units digit of s?
9
Suppose 130 = -3*n + 691. What is the units digit of n?
7
Let g(v) be the first derivative of -5*v**2/2 - 3. What is the units digit of g(-1)?
5
Suppose 2*a = 3*n + 4, -n + 33 = 3*n + 5*a. Suppose -u + 5*u = -n*p + 18, -p = -4*u + 3. Suppose -36 = -u*d - 2*d. What is the units digit of d?
9
Suppose -5*j = -r - 4 - 3, 2*j = 4*r + 10. Let d be -2 - 2 - j - 2. Let b = -5 - d. What is the units digit of b?
2
Let l(f) = 7*f**2 - 4*f + 3. Let c be l(2). Let v(d) = 9*d - 3. Let m be v(2). Let u = c - m. What is the units digit of u?
8
Suppose -c = 4*v - 9*v + 28, -2*c - 2 = -v. Suppose i = -0*i + v. What is the units digit of i?
6
Let k(x) = 2*x - 1. Suppose 0 = -v + 2*d - 6, -33 = -3*v - 5*d - 7. Let l be k(v). What is the units digit of ((-6)/18)/((-1)/l)?
1
Suppose 0 + 10 = 5*n. Suppose -4*d = r + 3 + 11, -r + n = 0. Let g(i) = -i**3 - 3*i**2 + i + 1. What is the units digit of g(d)?
3
Suppose 4*f - 119 = 117. Suppose -4*u + f = 3*k + 17, 4*u + 12 = 0. What is the tens digit of k?
1
Suppose -5*a = 2*n + 166 - 417, 5*a - 15 = 0. What is the units digit of n?
8
Let r(j) = 2*j + 3*j**2 - 8 - 4*j + 6 + 3*j. What is the units digit of r(-2)?
8
Let u(s) = s + 2. Let m be u(-2). Let l(j) = 6 + 5*j**2 + j + 4 - 4*j**2. What is the tens digit of l(m)?
1
Suppose 2*i - 3*i + 136 = 0. Suppose 5*z = -i + 16. What is the units digit of z/(-20)*(-10)/(-4)?
3
Let z be (-5)/(-4)*8/2. Let m = -3 + z. Suppose -m*o - 3*o + 95 = 0. What is the units digit of o?
9
Suppose 4*l = 2*l + 74. Suppose 5*d - 3 = l. Suppose j - 13 = -3*y, -d = -y + j - 5. What is the units digit of y?
4
Let f be 6/(-3)*(-1)/2. Let z(j) = -6 - j**2 - 11*j - f - 4. What is the units digit of z(-9)?
7
Suppose v + 8 = -7*h + 2*h, -2*v = h - 2. Suppose -3*a - v*a = -10. Suppose 5 = -0*j + j + o, a*o - 8 = -j. What is the units digit of j?
2
Let g be 26/(-6) + (-2)/(-6). Let q(r) = -3*r - 4. What is the units digit of q(g)?
8
Let a = 4 + 0. Let l(f) = 2*f**2 + 3*f**2 - f - 4*f**2 + 3. What is the units digit of l(a)?
5
Let b(s) = s**2 + s - 11. Let j(y) = -y**2 - y + 12. Let w(p) = 2*b(p) + 3*j(p). What is the tens digit of w(0)?
1
Suppose 0 = 3*b + q + 8 + 3, 3*b - 19 = 5*q. Let s be (-3)/(-6) + b/4. Suppose -3*h + 33 = -s*h. What is the tens digit of h?
1
Let y(q) be the third derivative of 19*q**4/24 - q**3/6 + 2*q**2. What is the units digit of y(1)?
8
Suppose 2*z + 0 = 2. Let u be (-2)/(-1)*(z + -21). Let m = -23 - u. What is the units digit of m?
7
Let g(n) = 7*n + 5. Let l(j) = 1. Let d(u) = g(u) - 6*l(u). What is the units digit of d(1)?
6
Let s be (-2)/5 - 22/(-5). Suppose 0 = 2*a - s. Suppose 5 = a*o + 1. What is the units digit of o?
2
Let p(n) = -n**2 + 2*n - 2. Let t be p(2). What is the tens digit of 5*5 + 2/t?
2
Let a = 230 - 143. Let z = a + -59. What is the units digit of z?
8
Let q be 1 - (-3 - (-3 - -2)). Suppose -q*s + 18 = -12. What is the tens digit of s?
1
Let w = -4 + 6. Let x = 9 - w. What is the units digit of x?
7
Suppose 3*l = -54 + 198. What is the units digit of l/(-15)*5/(-2)?
8
Let m(y) = -y - 3. Let i be m(-6). Suppose -4*w + 18 = -i*h - 6, 4*h = 16. What is the units digit of (4/(-3))/((-2)/w)?
6
Let a(m) = 4*m**2 - m + 5. What is the tens digit of a(-3)?
4
Suppose 2*t - 6 = -0*t, -3*a + 18 = 2*t. Suppose 0 = -k - a*h + 3, 2*k - 6 = -0*k + 5*h. What is the units digit of k?
3
Let k = -25 + 53. What is the units digit of k?
8
Let a(f) = f**3 - 19*f**2 + 19*f + 10. What is the units digit of a(18)?
8
Let w = 0 - -2. Suppose 2*k = -4*u + 20, 2*u = 5*k - w*u - 78. What is the tens digit of k?
1
Suppose -3*n = -166 - 56. Suppose -4*v + n = 2*k, k - 3 - 2 = 0. Suppose v = 2*j - 0. What is the units digit of j?
8
What is the units digit of (-7)/(-1) - (-1 - -5)?
3
Suppose -3*u + 4 = -b - 7, -4*u + 5*b = 0. Suppose 4*m = -5*a + 105, -m + 3*a + u = -0*m. What is the tens digit of m?
2
Suppose -4*w + 15*w - 1133 = 0. What is the hundreds digit of w?
1
Let f(l) = 2*l**2 + 7 - l + 9*l - l**2. Let t = -17 + 9. What is the units digit of f(t)?
7
Let i = -15 - -9. Let r = 17 + i. What is the tens digit of r?
1
Suppose -4*q = 2*d - 260 + 72, 0 = -2*d - q + 203. What is the hundreds digit of d?
1
What is the units digit of 4/(-26) - (-1412)/52?
7
Suppose -4 + 0 = -i. Let h(f) = -2*f**2 + 2*f - 1. Let z(c) = -3*c**2 + 3*c - 2. Let o(s) = i*h(s) - 3*z(s). What is the units digit of o(2)?
4
Let j = 35 - 26